alse
Is 32798179 composite?
False
Is 8164477 prime?
True
Is 239199161 a prime number?
True
Is 10812453 composite?
True
Is 32523719 prime?
True
Is 2756081 a prime number?
False
Is 2378321 a composite number?
True
Is 18463399 composite?
False
Is 202307 composite?
True
Is 4251133 a prime number?
False
Is 586601 a composite number?
False
Is 79902731 a composite number?
False
Is 155825457 composite?
True
Is 28558561 a composite number?
True
Is 58052611 prime?
True
Is 27785791 prime?
False
Is 4400999 a prime number?
False
Is 40296133 composite?
False
Is 60506717 a prime number?
True
Is 9913609 a composite number?
False
Is 23764171 a prime number?
False
Is 98976121 a prime number?
False
Is 9510341 a prime number?
True
Is 11066467 a prime number?
True
Is 25834511 a prime number?
True
Is 263038187 composite?
True
Is 20415599 composite?
False
Is 2608457 a composite number?
True
Is 242405313 composite?
True
Is 8021906 a composite number?
True
Is 37299007 a prime number?
True
Is 101815127 composite?
True
Is 11439893 a composite number?
True
Is 32327497 composite?
False
Is 9131747 a prime number?
True
Is 1408523 a composite number?
False
Is 75075331 composite?
True
Is 181177 composite?
True
Is 4650551 a prime number?
True
Is 794249 prime?
True
Is 2964151 composite?
False
Is 4568581 a prime number?
True
Is 6204059 a prime number?
True
Is 331427 a prime number?
False
Is 7337003 prime?
True
Is 2311783 a composite number?
True
Is 38171093 a composite number?
False
Is 9241273 a composite number?
False
Is 4785533 composite?
True
Is 4462919 composite?
False
Is 303889541 a composite number?
False
Is 1594763 composite?
False
Is 25488247 a prime number?
False
Is 105674423 a prime number?
True
Is 231636131 a prime number?
False
Is 212713 a prime number?
False
Is 8601695 a prime number?
False
Is 5421719 a prime number?
True
Is 32398169 composite?
True
Is 167498801 a prime number?
False
Is 306580943 a composite number?
False
Is 18856879 a composite number?
True
Is 10084447 composite?
False
Is 75324371 a composite number?
False
Is 62815439 prime?
False
Is 89681653 a composite number?
True
Is 21662287 a prime number?
False
Is 17564813 a prime number?
False
Is 1106834 prime?
False
Is 24804317 prime?
False
Is 1958351 prime?
True
Is 38921621 composite?
False
Is 48712649 a prime number?
True
Is 3850957 prime?
False
Is 1711217 a composite number?
True
Is 7660339 a prime number?
True
Is 68399267 a composite number?
True
Is 27423073 a prime number?
False
Is 87721877 prime?
True
Is 151337969 composite?
False
Is 145706567 composite?
False
Is 139919453 a prime number?
True
Is 34201471 a composite number?
True
Is 3322961 prime?
True
Is 24033554 a composite number?
True
Is 1357243 a composite number?
True
Is 1204097 composite?
False
Is 810073903 composite?
False
Is 211176137 composite?
False
Is 8308021 prime?
True
Is 2519407 prime?
False
Is 3643993 prime?
False
Is 17760235 prime?
False
Is 18023909 prime?
True
Is 16834327 a composite number?
True
Is 779836697 a prime number?
True
Is 62179 composite?
True
Is 936409 composite?
True
Is 11448049 composite?
False
Is 138707333 composite?
False
Is 3457463 composite?
False
Is 989987 composite?
True
Is 80862709 a prime number?
False
Is 20937869 prime?
True
Is 458253469 prime?
True
Is 256293737 a composite number?
True
Is 7591539 a composite number?
True
Is 1262369 a prime number?
False
Is 12073469 a prime number?
True
Is 39856181 a composite number?
False
Is 5310929 prime?
False
Is 693906065 prime?
False
Is 60681259 a composite number?
False
Is 121957771 prime?
False
Is 2915611 prime?
True
Is 911809 a composite number?
True
Is 56954 a composite number?
True
Is 11326751 a prime number?
True
Is 16488247 a prime number?
False
Is 121077907 composite?
False
Is 17325158 composite?
True
Is 135447665 a prime number?
False
Is 10453 composite?
False
Is 2117221 a composite number?
True
Is 3050197 a prime number?
True
Is 22489979 prime?
True
Is 40518155 a prime number?
False
Is 165024271 prime?
False
Is 57545393 a composite number?
True
Is 894993961 a prime number?
False
Is 1011579451 a prime number?
True
Is 3981647 a composite number?
False
Is 993679 a prime number?
True
Is 317567 composite?
True
Is 918542731 prime?
False
Is 20196299 prime?
True
Is 2267153 a prime number?
False
Is 160173619 prime?
True
Is 25269821 a composite number?
False
Is 159302941 composite?
True
Is 419683261 composite?
False
Is 589323811 a composite number?
True
Is 29959141 a prime number?
False
Is 8959267 composite?
True
Is 179451551 a composite number?
False
Is 812096951 a composite number?
False
Is 4379987 composite?
False
Is 25135169 a prime number?
False
Is 30290071 composite?
True
Is 102645769 composite?
False
Is 2534401 a composite number?
False
Is 76287973 prime?
False
Is 19371017 a composite number?
True
Is 102449 a prime number?
False
Is 52539547 a composite number?
False
Is 15755609 composite?
False
Is 7107461 a prime number?
True
Is 7724099 prime?
True
Is 2481937 a prime number?
False
Is 1074182 a composite number?
True
Is 6837511 prime?
False
Is 514361 a composite number?
False
Is 1447163 a composite number?
True
Is 4420727 prime?
False
Is 466559 composite?
True
Is 49827113 a prime number?
False
Is 5169127 prime?
False
Is 7599619 a prime number?
False
Is 3461479 prime?
False
Is 9723797 a composite number?
False
Is 7575691 prime?
True
Is 12377551 composite?
True
Is 327089473 a prime number?
True
Is 29509 prime?
False
Is 6958727 a composite number?
True
Is 4957867 prime?
False
Is 22505183 a composite number?
False
Is 40667 a prime number?
False
Is 7041679 a composite number?
False
Is 94658831 a prime number?
True
Is 6774401 composite?
False
Is 14782309 a prime number?
True
Is 425221 composite?
True
Is 469073489 a prime number?
False
Is 1155373 composite?
False
Is 4148471 a prime number?
False
Is 521231 composite?
False
Is 84583523 composite?
False
Is 195061 a composite number?
True
Is 2440649 a composite number?
False
Is 9005267 a composite number?
False
Is 152159141 a prime number?
True
Is 35729 a prime number?
True
Is 2527381 composite?
False
Is 4870907 a composite number?
False
Is 174371 prime?
False
Is 261069131 a composite number?
False
Is 10775581 a composite number?
False
Is 100362523 prime?
False
Is 2373083 a prime number?
False
Is 58591723 composite?
True
Is 26031751 composite?
False
Is 140026999 composite?
True
Is 1961917 prime?
True
Is 1232743 prime?
False
Is 864029 composite?
False
Is 197257141 composite?
True
Is 1268261 prime?
True
Is 3407941 a composite number?
False
Is 37420693 a composite number?
True
Is 80073317 prime?
False
Is 78083365 a composite number?
True
Is 115922827 a prime number?
True
Is 1898102 composite?
True
Is 696551 a prime number?
False
Is 8215087 a prime number?
False
Is 27038503 prime?
True
Is 11267629 prime?
False
Is 563876561 a composite number?
False
Is 243642881 a prime number?
True
Is 196099789 a composite number?
False
Is 10017599 a composite number?
True
Is 260657081 a prime number?
True
Is 82263577 prime?
False
Is 21744057 a prime number?
False
Is 241360523 a composite number?
False
Is 41008601 a prime number?
False
Is 103018238 composite?
True
Is 19061671 composite?
True
Is 246293 a prime number?
False
Is 193186409 composite?
True
Is 1202695201 a prime number?
False
Is 29290127 prime?
False
Is 7040417 a prime number?
False
Is 775447291 prime?
True
Is 9719947 a prime number?
True
Is 31159033 a prime number?
True
Is 2332042 a prime number?
False
Is 3793483 prime?
False
Is 3578317 a composite number?
True
Is 265703 composite?
False
Is 1059169 a prime number?
True
Is 61052245 a composite number?
True
Is 7711519 composite?
False
Is 25626331 a composite number?
True
Is 232697483 a prime number?
True
Is 107191447 a prime number?
False
Is 174017 composite?
False
Is 50161669 composite?
False
Is 26002909 a composite number?
False
Is 15482251 a composite number?
True
Is 310879 a prime number?
False
Is 15359609 a composite number?
False
Is 587024683 prime?
False
Is 748091 a prime number?
True
Is 6114727 a prime number?
True
Is 63439829 composite?
False
Is 18124889 a prime number?
True
Is 333886609 a prime number?
False
Is 111064553 a prime number?
False
Is 270976703 composite?
False
Is 11192879 a composite number?
True
Is 4590491 pri